 = -x**h + 1 - 2*x + 0 - 8*x**3 + 2*x**2. Determine z(1).
-8
Let h = -12/97 + 1537/11640. Let n(t) be the third derivative of 1/12*t**5 + 7/24*t**4 - h*t**6 - 4*t**2 + 0 + 0*t - 3/2*t**3. Determine n(6).
-3
Let k(a) = -2*a - 8. Let l be k(-8). Let w = l - 14. Let h(c) be the third derivative of -c**4/12 - 3*c**3/2 + 2*c**2. Calculate h(w).
3
Let w(l) be the third derivative of -l**7/210 + l**6/360 + l**5/120 + l**4/24 + 11*l**3/6 - 4*l**2. Let r(o) be the first derivative of w(o). Give r(-1).
5
Let s(c) = -c**3 - 3*c**2. Let i be (-1 + -11)/((-42)/(-28)). Let d = -5 - i. Suppose 5 = 5*q + 4*z, -3*q = d*z - 6 - 0. Give s(q).
0
Let b be 9*(-4 + (-264)/(-54)). Let v(n) = 26*n - 33. Let q(p) = 9*p - 11. Let s(u) = -17*q(u) + 6*v(u). What is s(b)?
13
Let b(s) = s**3 + 9*s**2 + 10*s + 18. Let i be b(-8). Suppose 81 + 15 = 4*f. Suppose -8*m = -i*m - f. Let p(t) = -t + 1. Give p(m).
-3
Suppose r + 0*r - 3 = 0. Suppose 2*o = r*o - 5. Suppose o*j + 0*j = 20. Let d(m) = -m**3 + 3*m**2 + 2*m + 4. Determine d(j).
-4
Let z(a) be the second derivative of -a**3/6 - a**2/2 - 11*a. Suppose 2 = -u, 4*u + 2 = -k - 2. Give z(k).
-5
Let y(w) = 3*w - 17. Let x be y(1). Let b(g) = g**2 + 14*g + 10. Give b(x).
10
Let n(x) = 58*x**2 - 3*x - 10. Let d(q) = -81*q**2 + 5*q + 15. Let g(z) = -5*d(z) - 7*n(z). Let k = -14 + 10. Calculate g(k).
-5
Let z(u) = -u**3 + u**2 + u + 5. Let h be (7 + -2 + -3)*(4 - -1). Suppose 0 = 3*o - 7*o - h*o. What is z(o)?
5
Suppose 5*b - 20 - 10 = 0. Let d(x) = -2*x**2 - 14*x + b*x**2 + 0 - 1 + 12*x. Determine d(-1).
5
Let s be (12/8)/(-1 + 9/6). Suppose -5*v - 10 = 2*r, -5*r + 12 - s = 4*v. Let u(t) = 2*t - 5. Give u(v).
-13
Suppose 6*t = -3*t + 270. Let v = 28 - t. Let z(o) = o**2 - 2*o. Give z(v).
8
Let u(i) = i + 1. Let b be 3/(15/(-9) + 2). Let q = b - 8. Suppose -5*f - q = 2*t - 16, 5*f = t. What is u(t)?
6
Let d(h) be the second derivative of -h**4/12 + h**3/2 + 3*h**2 + 2*h. Suppose -3*n = 5*l - 25, 0 = -4*l + 4*n + 108 - 88. Determine d(l).
-4
Let z(x) = -14*x**2 - 2*x + 19. Let y(k) = -k**3 - k**2 - k. Let n(j) = -y(j) + z(j). Let d = -26 - -39. Let t be n(d). Let s(m) = m. What is s(t)?
6
Let f(z) be the first derivative of -2*z**2 - 7*z + 1. Let m = -18 - -38. Suppose 2*y = -2*y - m. Calculate f(y).
13
Let k(x) = -31*x - 63. Let i be k(-2). Let u(f) = -11*f**2 - f - 1. Determine u(i).
-11
Let a(o) be the first derivative of 5*o**2 - o - 1. Let u = -438 + 437. Determine a(u).
-11
Suppose 3*l = 5*c + 4, l = -c - 7 + 11. Let r(a) = 2*a**2 - a. Let i(v) = -2*v**2. Let b(s) = 3*i(s) + 4*r(s). What is b(l)?
6
Let h(b) be the second derivative of b**7/630 + b**5/120 - b**4/2 + 17*b. Let p(u) be the third derivative of h(u). Determine p(1).
5
Let a(b) = b**3 + 4*b**2 - b + 2. Let q(p) = -p + 1. Let l be q(5). Let d be a(l). Let z(g) = g**2 - 57 + 29 - 6*g + 25. Calculate z(d).
-3
Suppose -5*c + k + 14 = -11, 5*c - 2*k = 25. Let a(j) be the first derivative of -1/4*j**4 + 2*j**3 - 5/2*j**2 + 4*j + 3. What is a(c)?
4
Let h(k) = -k**2 + 12*k - 3. Let b(n) = -n**3 + 5*n**2 + 26*n - 8. Let v be b(8). Determine h(v).
29
Let g(f) = -f**3 - 8*f**2 - 8*f - 4. Let v(b) = b**2 + 15*b + 20. Let k be v(-15). Let a = k + -27. Give g(a).
3
Let b(z) = -4*z**3 + 3*z**2 - 3*z + 3. Let y(j) = -5*j**3 + 4*j**2 - 4*j + 3. Let l(x) = 4*b(x) - 3*y(x). Suppose 376*d - 385*d = 0. Calculate l(d).
3
Let d be (-22)/(-4) + 0 + (-20)/40. Let b(o) = -2*o**3 - 3*o**2 + d*o + o**3 + 7 - o - 9. Suppose 0 = 6*g - 2*g - a + 12, 0 = -5*g + 5*a. Determine b(g).
-2
Let g(t) = -t**2 - t + 2. Suppose 25 = -4*q - 55. Let f = 11 + q. Let k = -11 - f. Calculate g(k).
0
Let l be 8/(-12) + -2 + 321/9. Let u = 25 - l. Let y(s) = -s**3 - 9*s**2 - 8*s + 4. Give y(u).
4
Suppose -60*n + 35*n = 0. Let q(b) = b**3 + 2*b**2 - 15. Determine q(n).
-15
Let l be (-24)/15 + 2/(-5). Let v(g) be the third derivative of -g**4/8 - g**3/3 + 393*g**2. Give v(l).
4
Let r(h) = -4*h - 5. Suppose 0 = 4*b - p + 18, p = 2*b + 8 - 0. Let q = b + -5. Let g = 6 + q. What is r(g)?
11
Let y(v) = 5*v - 21. Suppose 5*a + 9*h = 7*h + 30, -h = a - 6. Determine y(a).
9
Let z(w) = 2*w - 5. Let c(h) be the second derivative of -h**4/12 - h**3 - 2*h**2 - 18*h. Let v be c(-6). What is z(v)?
-13
Let w(p) = -25*p**2 - 2*p + 3. Let q(y) = -13*y**2 - y + 1. Let k(z) = -5*q(z) + 2*w(z). Let s = -31 - -35. Let r = -5 + s. Determine k(r).
15
Let h(q) be the second derivative of q**3/2 - q**2 - 2*q. Let n = -565 + 571. What is h(n)?
16
Let x(p) = -p**3 + 11*p**2 - 9*p - 3. Suppose -8*o + 22 = 3*v - 4*o, -5*o = 3*v - 20. Let d be x(v). Let r(c) = -c**2 + 5*c + 4. Give r(d).
-10
Let a(f) = -f**3 + 33*f**2 + 2*f - 58. Let p be a(33). Let b(j) = j**2 - 7*j - 1. Determine b(p).
7
Let c(y) = -y**3 + 3*y**2 + 7*y - 6. Let m(k) = k**2 - 2. Let j be m(0). Let n be (1 - -5 - 2) + j. Let b(p) = -1. Let a(v) = n*b(v) - c(v). What is a(5)?
19
Let b(w) = w**2 - 12*w + 20. Let u be b(10). Suppose 3 + 2 = g - o, o - 4 = u. Let k(p) = p**3 - 8*p**2 - 11*p + 12. Give k(g).
-6
Suppose -7*h + 13 = -8. Let f(d) = d**3 - d**2 - d + 3. Determine f(h).
18
Let g be 447/(-9) - 25/(-15). Let z = g - -44. Let i(r) = -2*r**3 + 2*r**3 + 4*r**2 + r + r**3 + 3. Calculate i(z).
-1
Suppose 4 - 1 = -z. Let i = -9 + z. Let q(u) = -u**3 - 12*u**2 + u + 11. Let l be q(i). Let w(p) = -7*p - 1. Determine w(l).
6
Let r(y) be the second derivative of -4*y**5/5 - y**3/3 - y**2/2 + 269*y. Determine r(-1).
17
Let f(m) be the first derivative of -m**4/4 + 7*m**3/3 - m**2/2 + 12*m + 103. What is f(7)?
5
Let t(l) = 9*l - 11. Let u(r) = 8*r - 10. Let p(z) = 6*t(z) - 7*u(z). Let b(w) = 3*w - 5. Let j(o) = 3*b(o) + 4*p(o). Calculate j(-1).
0
Let r(f) be the second derivative of f**6/45 + f**5/120 + 3*f**4/4 + 34*f. Let h(w) be the third derivative of r(w). Calculate h(-1).
-15
Let k = 28 + -34. Let g be 15/k*48/40. Let l(t) be the second derivative of -t**4/12 + 2*t**2 - 2*t. What is l(g)?
-5
Let z(f) = f**2 - 5*f. Suppose -158 = -0*v + 2*v - 4*m, -5*m - 248 = 3*v. Let w = v + 84. Calculate z(w).
-6
Let k(i) be the first derivative of 3*i - 5/2*i**2 - 1. Let a(s) = 30*s - 58. Let t be a(2). What is k(t)?
-7
Let l(m) = -3*m**3 + 6*m**2 + 11*m + 15. Let t(x) = 2*x**3 - 5*x**2 - 9*x - 12. Let s(g) = -4*l(g) - 5*t(g). Calculate s(-1).
-2
Suppose -645 = -8*o - 661. Let h(s) = -3*s**3 - 3*s**2 + s + 2. Calculate h(o).
12
Let l = -49 - -52. Let q(c) = 66*c**3 - 2*c - 2*c - 67*c**l + 3 + c**2. Calculate q(2).
-9
Let v(i) = -i**3 - 4*i**2 + 9*i - 12. Let p be v(-6). Suppose 0 = p*l - 11 - 19. Let t(f) = 2*f - 6. Give t(l).
4
Let p = -15 - -10. Let k = -4 - -6. Let n(z) = 3 - 28*z - k*z**2 + 9*z + 13*z. What is n(p)?
-17
Suppose -3*p = -4*k + 10, -11*k + 6 = -5*p - 7*k. Let x(d) be the first derivative of 7 + 1/2*d**2 - p*d - 2/3*d**3. Determine x(3).
-17
Let d(w) = -w**3 + 3*w**2 - 3*w + 4. Let k be d(2). Let s(r) = -k*r - r + 17*r. Calculate s(1).
14
Let l(q) = -5*q**3 - 3*q**2 - 4. Let g(o) = 4*o**3 + 2*o**2 + 3. Let n(j) = -6*g(j) - 5*l(j). Let z be 6/9 + 10/(-45)*21. Give n(z).
-14
Let v(f) be the first derivative of f**4/4 + 4*f**3/3 + 2*f**2 + 3*f + 149. Give v(-3).
0
Let f(x) = 38*x - 26*x - 15 + 18. Give f(-3).
-33
Let t(z) = -2*z**3 + 48*z**2 + 53*z - 71. Let g be t(25). Let s(r) = -7*r - 4. What is s(g)?
-32
Suppose 3*c + 26 = 23*t - 22*t, 5*t - 46 = 3*c. Let j(z) = -z**2 - 6*z - 1. Calculate j(c).
-8
Let n(c) = c**2 + 8*c - 13. Let t(z) = 3*z**2 + 18*z + 6. Let l be t(-5). Calculate n(l).
-4
Let d(c) = -6*c**3 - 5*c**2 - c - 7. Let n(o) = -5*o**3 - 5*o**2 - o - 6. Let r(k) = 4*d(k) - 5*n(k). Suppose 1582*s = 1527*s - 275. Give r(s).
-3
Let d(m) be the first derivative of 3*m**3 - 44 + 8*m - 1/4*m**4 + 1/2*m**2. Calculate d(9).
17
Let q(z) be the second derivative of 1/12*z**4 - 1/6*z**3 + 31*z - 1/2*z**2 + 0. Determine q(4).
11
Let g(q) = q**2 - 8*q - 11. Suppose 14*p - 9*p + 3*h = 54, 4*h + 15 = 3*p. Calculate g(p).
-2
Let p(y) = y**2 - 23. Suppose 4*c - 6*c - 3*c = 0. Determine p(c).
-23
Let r(q) = 6*q**2 - 27*q + 5. Let y(l) = -3*l**2 + 12*l - 2. Let b(f) = -4*r(f) - 9*y(f). Calculate b(2).
10
Let j(v) = -v**2 + 5*v + 18. Let i be j(7). Let b(k) = -k**2 + k + 1. Calculate b(i).
-11
Suppose -66 - 38 - 28 = 66*o. Let y(w) be the first derivative of w**2/2 + 3*w - 1. What i